 2*v - 14 - 44. Let t = v + w. What is the tens digit of t?
2
Let z(x) = -2*x - 29. Let t be z(0). Let n = t + 23. What is the tens digit of 16 + 5 + (n - -3)?
1
Let i(y) = 4*y + 12. Let l be i(8). Suppose -118 = -2*u + l. Suppose -2*c - d + 4*d = -27, -4*c - 3*d + u = 0. What is the units digit of c?
8
Let f(y) = 2*y**3 + 96*y**2 + 32*y + 142. What is the thousands digit of f(-47)?
3
Let s(l) be the second derivative of l**4/12 + 4*l**3/3 - 13*l**2/2 + 61*l. Suppose -5*a - 66 = -16. What is the units digit of s(a)?
7
Suppose 0 = 2*d - 1225 - 2603. What is the hundreds digit of d?
9
Suppose 0 = -2*q + 1 + 3. Let i(k) be the third derivative of 11*k**4/24 + k**3/6 - 8*k**2. What is the units digit of i(q)?
3
Let j = -90 + 104. What is the tens digit of j?
1
Let v = 2930 + -1907. What is the thousands digit of v?
1
Let g(v) = 4*v**2 - 14*v. What is the tens digit of g(14)?
8
Let w = 40 - 108. Let y = w + 121. What is the tens digit of y?
5
Suppose 448 = 6*f + 46. Let g = -22 + f. What is the tens digit of g?
4
What is the thousands digit of ((-18810)/24 - 3)/(6/(-16))?
2
Let g = -4 - -7. Let w = -1 + g. Suppose w*s + 2 - 20 = 0. What is the units digit of s?
9
Let h(d) = 14*d**2 - 5*d - 3. Let z(c) = c**2 - c - 1. Let u(y) = h(y) - 4*z(y). What is the tens digit of u(1)?
1
Suppose 43*d + 30743 - 129084 = 0. What is the tens digit of d?
8
Let t = -637 - -929. What is the tens digit of t?
9
Suppose 6*t - 8 = 4*t. Suppose 0 = -i, t*i - 2 = -q - i. Suppose -18 = -q*u + 22. What is the tens digit of u?
2
Let k(y) = 17*y**2 - 9*y - 31. Let s be k(-6). Suppose s = 2*d - 5*o, 0*d - 950 = -3*d + 5*o. What is the tens digit of d?
1
Suppose 0 = m - a - 4483, 37*m - 3*a + 4503 = 38*m. What is the units digit of m?
8
Let r be 1*(-81 + 0) - -1. Let m = -34 - r. What is the tens digit of m?
4
Suppose 10 = -4*d + 3*i, 4*d - 9 = -i - 27. What is the tens digit of 5/15*(218 - d)?
7
Let k = 1837 + -1171. What is the units digit of k?
6
Let r(k) = 0*k + 12 + 0*k + 2*k + 3*k. What is the tens digit of r(5)?
3
Suppose -o + 3*g + 2730 = 0, 3*o - 29*g = -32*g + 8202. What is the units digit of o?
3
Let c(w) = 9*w - 64. Let z(s) = -10*s + 65. Let o(p) = 4*c(p) + 3*z(p). What is the tens digit of o(14)?
2
Suppose 5*c + 308 - 683 = 0. What is the units digit of c?
5
Let y = 645 + -400. What is the hundreds digit of y?
2
Suppose 0 = j - 2*w + 3, -4*j = 2*w + 11 + 41. Let c(s) = -s**3 - 11*s**2 - s - 10. Let f be c(j). What is the tens digit of 120/28*14/f?
6
Let g be ((-36)/63)/((-1)/7). Suppose -g*u + 34 = -2*u. Suppose 7*w = 8*w - u. What is the tens digit of w?
1
Let c(q) be the first derivative of -q**4/4 - 16*q**3/3 - 3*q**2/2 - 26*q + 5. What is the tens digit of c(-16)?
2
Let l = -26 + 65. Let z = 65 - l. What is the tens digit of z?
2
Let x(d) = 3*d**2 - 25*d - 23. What is the hundreds digit of x(23)?
9
Let y = -187 - -1192. What is the hundreds digit of y?
0
Suppose -5*b = 20, 5*b - 1481 - 401 = -3*c. What is the tens digit of c?
3
Suppose -3*i - 1053 = 4*h - 11008, 3*h = -4*i + 7461. What is the hundreds digit of h?
4
Let w(l) = l**2 + 1. Let u(q) = q**2 + 8*q - 5. Let x(r) = u(r) - 2*w(r). What is the units digit of x(5)?
8
Suppose -5*m = -3*v - 90, 3*v - 90 = -5*m + 2*v. Let a = 54 - m. What is the units digit of a?
6
Let y(p) = 2*p + 49. Suppose 7*x = -123 + 18. What is the tens digit of y(x)?
1
Let k(b) = b**3 - 3*b**2 - 5*b + 6. Let s be k(4). Suppose 2*a + s*j = j + 73, -5*j + 77 = 2*a. What is the units digit of a?
6
Let k(b) = 3*b + 15 - 3*b + 21 - 2*b. Let c be k(17). Suppose 5*z - 15 = 0, -5*l + 290 = c*z + 3*z. What is the units digit of l?
5
Suppose 3*v - 1 = -7. Let o be ((32/1)/(-4))/v. Suppose 9*n - 80 = o*n. What is the units digit of n?
6
Let h(t) = 91*t**3 - 4*t + 1. Let a(q) = -90*q**3 + 5*q - 1. Let n(p) = 2*a(p) + 3*h(p). Let c be n(1). Suppose -52 - c = -4*o. What is the units digit of o?
6
Suppose -5*y + y = 4. Let l be (1 + y)*1/(-3). Suppose 4*n - 165 - 71 = l. What is the units digit of n?
9
Let r(h) = h + 10. Let q(s) = -s**2 + s - 1. Let g be q(3). Let m be r(g). Suppose -m*f + 2*b = -66, -4*b - 6 = 6. What is the tens digit of f?
2
Let j be 468/1*4/8. Let z = 84 - j. What is the units digit of ((-8)/(-10))/((-4)/z)?
0
Let g(i) = 13*i - 10. Let k be (-5)/(-3)*(-60)/(-50). Suppose -j + 15 = j + r, 5*j - 15 = k*r. What is the units digit of g(j)?
5
Let n(y) = 2*y. Let t be n(1). Let j(f) = -6 + f - 2 - t + 1. What is the units digit of j(11)?
2
Suppose -4*f = -4*g - 3040, 0 = -0*g - 3*g + 3. What is the units digit of f?
1
Let h(a) = -a**3 + 6*a**2 - 2*a - 1. Let u be h(2). Suppose 0 = 10*l - 9*l + u. Let n = l + 21. What is the units digit of n?
0
Let y = -24 - -24. Suppose -3*o = 3*u - 6, y = 4*u - 3*u + 3*o. Suppose 0 = -r - 2, 0 = -u*t + 5*r + 75 + 154. What is the units digit of t?
3
Suppose 50*i - 53*i = -399. What is the hundreds digit of i?
1
Let t(m) = -m**2 + 9*m + 5. Let l be t(7). Let y = 35 - l. Suppose 3*n - y - 8 = 0. What is the units digit of n?
8
Suppose -7904 = -49*p + 41*p. What is the hundreds digit of p?
9
Suppose -y = -3*y + 14. Let r = y + -5. Suppose l - r = -0. What is the units digit of l?
2
Suppose -2972 - 1157 = -5*v + 4*g, -2470 = -3*v - 5*g. What is the hundreds digit of v?
8
Suppose 0 = 5*l + 7*v - 3*v - 64, 2*l - 3*v = 21. Let m be -4 - 4/(l/249). Let z = m + 150. What is the tens digit of z?
6
Let w be ((-8)/3)/(26/(-39)). Suppose 2 - 5 = -3*i, w*n - 801 = -i. What is the units digit of n?
0
Let m be (256/(-80))/((-4)/(-30))*-4. Suppose -m = 17*s - 18*s. What is the units digit of s?
6
What is the tens digit of -3 + 2 - (0/(-3) + -592)?
9
Suppose -2*p + 5*p - 15 = 0. Suppose -w + 0 + 36 = 0. Suppose -p*r = -3*r - w. What is the tens digit of r?
1
Suppose -7*y + 6 = -4*y. Suppose -5*v + 54 = y*z, -v - 1 = -3*z + 114. What is the tens digit of z?
3
Let i be ((-10)/3)/((-9)/27). Let j(o) = 9*o - 4. What is the tens digit of j(i)?
8
Let h(l) = 1 - 1 + 1 + 0 + l. Let k be h(5). Suppose -c - 45 = -k*c - 5*t, 3*c - 24 = -4*t. What is the units digit of c?
2
Suppose 5*b + 3*x - 23 = 0, 2*x + 21 = 5*b + 3*x. Suppose 2*j = 4*j + b*t - 96, 5*j - 2*t = 288. What is the units digit of j?
6
Suppose 19*c - 37312 - 18719 = 0. What is the units digit of c?
9
Let z(y) = -y**3 + 12*y**2 + 79*y - 5. What is the units digit of z(15)?
5
Let p = 102 + -219. Let o = -90 - p. What is the tens digit of o?
2
Suppose -46282 = -47*w + 15617. What is the tens digit of w?
1
What is the hundreds digit of (8 - 6171/(-44))*4?
5
Let t = -12 - -12. Let k = 19 + t. What is the tens digit of k?
1
Let o be 5 + 0 + -2 + -6. Let m be -2 + (o - 0 - -7). Suppose 5*s + 10 = -5, 0 = -5*j + m*s + 101. What is the tens digit of j?
1
Let s(z) = -341*z**3 - z**2 - z + 1. What is the hundreds digit of s(-1)?
3
Suppose b - 3*t = 2*t - 22, -25 = -5*t. What is the units digit of b?
3
Let f = -175 - -198. What is the units digit of f?
3
Let p = -393 - -1081. What is the hundreds digit of p?
6
Suppose -22*p + 36*p - 6314 = 0. What is the units digit of p?
1
Let t(f) = -f**2 + 2*f + 1. Let u be t(0). Let k(c) = 17*c**2 + 2*c - 2. Let g be k(u). Let r(x) = -x**3 + 16*x**2 + 19*x. What is the units digit of r(g)?
4
Suppose 4 = 5*z + f - 399, -4*f - 332 = -4*z. Suppose z + 92 = w. What is the tens digit of w?
7
Suppose 2*v + 0 - 6 = 0. Suppose v*t - 69 = 129. What is the units digit of t?
6
Suppose -2*i + i - 5*w + 26 = 0, 0 = -w + 5. Let j be ((-10)/(-15))/(i/15). Let b = 55 - j. What is the units digit of b?
5
Let s(r) = 60*r - 954. What is the tens digit of s(54)?
8
Let h be ((-24)/30)/(2/30). Let r(c) = -5*c - 3. What is the tens digit of r(h)?
5
Let w(t) = 11*t. Let a = 9 + -7. Suppose 4*u + a = y, 3*y + 0*y + 5*u = 6. What is the units digit of w(y)?
2
Let b(i) = i**2 - 2*i - 4. Suppose -2 = 5*g - 6*g. Suppose -g*o - 5 = 3*q + 15, 4 = -2*o + q. What is the units digit of b(o)?
0
Suppose 0 = m - 178 - 702. What is the hundreds digit of m?
8
Let d = 371 - 153. What is the hundreds digit of d?
2
Suppose -9*f = -4*f - 70. Suppose -s + 2*r = 3*s - f, -5*r = -s + 17. Suppose -2*j - 12 - 6 = -s*u, 5*j = -5*u + 65. What is the units digit of u?
1
Let f be ((0 - 0) + -6)/(-11 - -9). Suppose 3*p - 2*p - 1 = 0. Suppose -4*l + 28 = -f*b - 5, -b + p = 0. What is t